{"id":21,"date":"2020-01-03T13:06:27","date_gmt":"2020-01-03T13:06:27","guid":{"rendered":"https:\/\/tennis-grebenstein.de\/?page_id=21"},"modified":"2026-04-09T15:42:45","modified_gmt":"2026-04-09T15:42:45","slug":"mitglied-werden","status":"publish","type":"page","link":"https:\/\/tennis-grebenstein.de\/?page_id=21","title":{"rendered":"Mitglied werden"},"content":{"rendered":"<div class=\"\" style=\"\" >\n    \n    <section class=\"u-clearfix u-image u-section-2\" id=\"sec-4a96\" style=\"background-image: url(&quot;https:\/\/tennis-grebenstein.de\/wp-content\/uploads\/2020\/01\/IMG_20190914_155427446_BURST000_COVER.jpg&quot;);\">\n      <div class=\"u-clearfix u-sheet u-sheet-1\">\n        <div class=\"u-align-left u-container-align-left u-container-style u-group u-white u-group-1\">\n          <div class=\"u-container-layout u-valign-bottom-xl u-valign-top-lg u-valign-top-md u-valign-top-sm u-valign-top-xs u-container-layout-1\">\n            <h2 class=\"u-text u-text-1\">Wir freuen uns \u00fcber jedes neue Mitglied<\/h2>\n            <p class=\"u-text u-text-2\">Tennis ein Sport f\u00fcr jedes Alter ( ob 6 Jahre oder 86 Jahre). <br>Tennis ist eine Sportart f\u00fcr viele unterschiedliche Spielertypen. Es geht darum, die eigene Pers\u00f6nlichkeit, die individuellen Voraussetzungen und die Charaktermerkmale in Einklang mit der Technik und dem ganzen Spiel zu bringen. <br>Freude an der Bewegung und Zeit an der frischen Luft verbringen, sind die Entscheidung f\u00fcr dieses anspruchsvolle \u201eR\u00fcckschlagspiel\u201c ohne direkten K\u00f6rperkontakt. Gegen und mit anderen Gleichgesinnten Einsatz und Fair Play zeigen,\n                        sein Spiel verbessern und Erfolge anstreben, ist seine Motivation. <br>\n              <br>\n              <br>Interessiert Dich eine Mitgliedschaft in unserem Verein klicke auf&nbsp;<b>Aufnahmeantrag<\/b> &lt;&gt; <b>\n                <a href=\"https:\/\/tennis-grebenstein.de\/wp-content\/uploads\/2020\/01\/20190816-Satzung.pdf\" target=\"_blank\">Satzung u. DSGVO<\/a><\/b>&nbsp;&lt;&gt; <b>\n                <a href=\"https:\/\/tennis-grebenstein.de\/?page_id=22\">Auskunft<\/a><\/b>.&nbsp;<br>\n              <br>Den ausgef\u00fcllten Aufnahmeantrag bitte einem <a href=\"https:\/\/tennis-grebenstein.de\/?page_id=22\" class=\"u-active-none u-border-none u-btn u-button-link u-button-style u-hover-none u-none u-text-palette-1-base u-btn-1\">Vorstandsmitglied <\/a>postalisch oder per E-Mail zukommen lassen.\n            <\/p>\n          <\/div>\n        <\/div>\n      <\/div>\n    <\/section>\n    \n    \n    \n    \n  \n<\/div>","protected":false},"excerpt":{"rendered":"<p>Wir freuen uns \u00fcber jedes neue Mitglied Tennis ein Sport f\u00fcr jedes Alter ( ob 6 Jahre oder 86 Jahre). Tennis ist eine Sportart f\u00fcr viele unterschiedliche Spielertypen. Es geht darum, die eigene Pers\u00f6nlichkeit, die individuellen Voraussetzungen und die Charaktermerkmale in Einklang mit der Technik und dem ganzen Spiel zu bringen. Freude an der Bewegung &hellip; <a href=\"https:\/\/tennis-grebenstein.de\/?page_id=21\" class=\"more-link\">Continue reading<span class=\"screen-reader-text\"> &#8222;Mitglied werden&#8220;<\/span><\/a><\/p>\n","protected":false},"author":1,"featured_media":0,"parent":0,"menu_order":1,"comment_status":"closed","ping_status":"closed","template":"","meta":{"footnotes":""},"class_list":["post-21","page","type-page","status-publish","hentry"],"_links":{"self":[{"href":"https:\/\/tennis-grebenstein.de\/index.php?rest_route=\/wp\/v2\/pages\/21","targetHints":{"allow":["GET"]}}],"collection":[{"href":"https:\/\/tennis-grebenstein.de\/index.php?rest_route=\/wp\/v2\/pages"}],"about":[{"href":"https:\/\/tennis-grebenstein.de\/index.php?rest_route=\/wp\/v2\/types\/page"}],"author":[{"embeddable":true,"href":"https:\/\/tennis-grebenstein.de\/index.php?rest_route=\/wp\/v2\/users\/1"}],"replies":[{"embeddable":true,"href":"https:\/\/tennis-grebenstein.de\/index.php?rest_route=%2Fwp%2Fv2%2Fcomments&post=21"}],"version-history":[{"count":8,"href":"https:\/\/tennis-grebenstein.de\/index.php?rest_route=\/wp\/v2\/pages\/21\/revisions"}],"predecessor-version":[{"id":392,"href":"https:\/\/tennis-grebenstein.de\/index.php?rest_route=\/wp\/v2\/pages\/21\/revisions\/392"}],"wp:attachment":[{"href":"https:\/\/tennis-grebenstein.de\/index.php?rest_route=%2Fwp%2Fv2%2Fmedia&parent=21"}],"curies":[{"name":"wp","href":"https:\/\/api.w.org\/{rel}","templated":true}]}}