{"id":255,"date":"2024-06-12T05:50:02","date_gmt":"2024-06-12T05:50:02","guid":{"rendered":"https:\/\/tennis-grebenstein.de\/?page_id=255"},"modified":"2025-07-09T05:42:58","modified_gmt":"2025-07-09T05:42:58","slug":"spielberichte-2024","status":"publish","type":"page","link":"https:\/\/tennis-grebenstein.de\/?page_id=255","title":{"rendered":"Spielberichte 2025"},"content":{"rendered":"\n<p>Medenspiele SW Grebenstein<\/p>\n\n\n\n<p><br>Kreisliga B, Herren, Gruppe (264): TuS Meimbressen &#8211; SW Grebenstein 2:4. Weiter auf<br>Erfolgskurs befindet sich die Grebensteiner Herrenmannschaft, die nach dem 4:2-Erfolg bei<br>der TuS Meimbressen ihren ersten Platz vor der Ferienpause verteidigte. Lucas Worm, Marcel<br>Szecsenyi und Marvin Schmidt sorgten mit Zweisatzsiegen f\u00fcr eine 3:1-F\u00fchrung nach den<br>Einzeln. In den Doppeln verst\u00e4rkten sich die Meimbresser noch mit Lars Schindewolf, der das<br>erste Doppel auch gewann. Im zweiten Doppel holten Worm\/Schmidt mit einem sicheren<br>Zweisatzsieg den vierten Punkt.<\/p>\n\n\n\n<p><br>Kreisoberliga Herren 40, Gruppe 382: Grebenstein\/Udenhausen &#8211; RWG Fuldatal 0:6.<br>Gegen die mit dem fr\u00fcheren Grebensteiner und Ex-TC 31er Alexander Wessel angetretenen<br>Fuldataler hatte unsere Mannschaft keine Chance. Das knappste Ergebnis holte noch Sascha<br>Gr\u00f6schner an Position zwei mit seiner 3:6, 5:7-Niederlage heraus. Auch das zweite Doppel<br>Stefan Nebenf\u00fchr und Guido G\u00f6ttlicher, der sein erstes Medenspiel absolvierte, hielt sich bei<br>seiner 3:6, 3:6-Niederlage achtbar.<\/p>\n\n\n\n<p><br>Kreisoberliga Damen, Gruppe 026: Immenhausen\/Grebenstein &#8211;<br>Kaufungen\/Nieste\/Niestetal 6:0. Ihren zweiten 6:0-Erfolg feierte die Damen-<br>Spielgemeinschaft. Dabei konnten sich Malin Engelbrecht und Carina Speichert erst im<br>Matchtiebreak des dritten Satzes behaupten. Die anderen Spiele wurden von Louisa<br>Schindewolf und Paula Burghard sowie den Doppeln Schindewolf\/Yvonne Meimbresse und<br>Speichert\/Burghard jeweils klar gewonnen. Schindewolf\/Meimbresse kamen dabei sogar zu<br>einem 6:0, 6:0-Sieg.<\/p>\n\n\n\n<p><br>SGT Baunatal II &#8211; Immenhausen\/Grebenstein 4:2. Im f\u00fcnften Spiel gab es f\u00fcr die erste<br>Damenmannschaft die zweite Niederlage. Malin Engelbrecht kam dabei an Position zwei zu<br>einem ganz glatten Zweisatzsieg, doch die Spiele an eins und vier gingen ebenso klar<br>verloren. Nur knapp einen m\u00f6glichen dritten Satz verpasste Carina Speichert. Louisa<br>Schindewolf\/Engelbrecht holten mit einem Zweisatzsieg im ersten Doppel den zweiten Punkt,<br>doch das zweite Doppel ging deutlich verloren.<\/p>\n\n\n\n<p><br>Kreisliga A (039), Damen: TC BW Kassel &#8211; Immenhausen\/Grebenstein II 5:1. NIm<br>dritten Spiel gab es f\u00fcr die zweite Damemmannschaft die zweite Niederlage. Dabei holte<br>Vanessa Frese den einzigen Punkt mit einem klaren Zweisatzsieg.<\/p>\n\n\n\n<p><br>Immenhausen\/Grebenstein II &#8211; SGT Baunatal III 3:3. Immerhin einen Punkt gab es gegen<br>Baunatals dritte Mannschaft. Dabei punkteten Luisa Burghard mit einem klaren Zweisatzsieg<br>im Spitzeneinzel sowie Vanessa Frese und Yvonne Meimbresse\/Kira Kamenik mit jeweils<br>Siegen im Matchtiebreak des dritten Satzes.<\/p>\n\n\n\n<p><\/p>\n\n\n\n<p><\/p>\n\n\n\n<p>Kreisliga B, Herren, Gruppe (264): TC 31 Kassel IV &#8211; SW Grebenstein 0:6. <\/p>\n\n\n\n<p>Bereits den zweiten 6:0-Erfolg fuhr die Grebensteiner Herrenmannschaft ein. Nur Tim Meuler musste bei<br>seinem 7:6, 7:6-Sieg im Spitzeneinzel richtig k\u00e4mpfen. Lucas Worm, Marcel Szecsenyi und<br>Marvin Schmidt kamen zu souver\u00e4nen Zweisatzsiegen. Auch die Doppel waren eine klare<br>Angelegenheit f\u00fcr Sascha Gr\u00f6schner\/Szecsenyi und Worm\/Schmidt. Das n\u00e4chste Spieel findet<br>am 29.6., ab 9 Uhr, bei der TuS Meimbressen statt.<\/p>\n\n\n\n<p><br>Kreisoberliga Damen, Gruppe 026: RW Kassel &#8211; Immenhausen\/Grebenstein 4:2.<\/p>\n\n\n\n<p><br>Nach zwei Auftaktsiegen gab es f\u00fcr die Spielgemeinschaft bei RW Kassel mit 2:4<br>die erste Niederlage. Gerade an den vorderen Positionen waren die Gastgeberinnen stark<br>besetzt. So konnte nur Carina Speichert an drei im Matchtiebreak des dritten Satzes siegen.<br>Den zweiten Punkt holte das zweite Doppel Malin Engelbrecht\/Speichert mit einem<br>Zweisatzsieg.<\/p>\n\n\n\n<p><br>Kreisliga A (039), Damen: Immenhausen\/Grebenstein II &#8211; Ebersch\u00fctz\/Trendelburg 2:4.<\/p>\n\n\n\n<p>Im Derby gegen Ebersch\u00fctz\/Trendelburg gab es f\u00fcr die zweite Damenmannschaft eine<br>2:4-Niederlage. Dabei punkteten Kira Kamenik und Nadine Linsel-Wiedemann.<\/p>\n\n\n\n<p><\/p>\n\n\n\n<p><\/p>\n\n\n\n<p><\/p>\n\n\n\n<p><br>Kreisliga B, Herren, Gruppe (264): <\/p>\n\n\n\n<p>TC Hombressen &#8211; SW Grebenstein 0:6. <\/p>\n\n\n\n<p>Gegen die noch v\u00f6llig turnierunerfahrene Mannschaft des TC Hombressen kamen die Grebensteiner zu<br>einem m\u00fchelosen Sieg. In den Einzeln gaben Sascha Gr\u00f6schner und Lucas Worm nur Spiel<br>ab, w\u00e4hrend die erstmals eingesetzten Timon und Marvin Schmidt zu Null gewannen.<br>Fastgenauso einseitig verliefen die Doppel mit einem 6:2, 6:1-Sieg von Tim und Lucas und<br>einem 6:0, 6:1 von Timon und Marvin.<\/p>\n\n\n\n<p><br>Grebenstein &#8211; TC RW Vellmar II 3:3. <\/p>\n\n\n\n<p>Spannend ging es im Spiel gegen den TC RW<br>Vellmar zu. Tim Meuler und Torsten Fahrensohn \u00fcberzeugten dabei mit Zweisatzsiegen an<br>den Positionen eins und zwei. Dabei behielt Torsten gegen den Ex-Grebensteiner Oliver<br>Gr\u00f6schner die Oberhand. Pech hatte Lucas Worm, der ungl\u00fccklich im Matchtiebreak des<br>dritten Satzes mit 8:10 verlor. Mit einem souver\u00e4nen 6:1, 6:0-Sieg sicherten Tim und Lucas<br>den einen Punkt. Torsten und Sascha Gr\u00f6schner mussten den ersten Satz nach einer F\u00fchrung<br>noch mit 5:7 abgeben und verloren den zweiten deutlich mit 2:6.<\/p>\n\n\n\n<p><br>Kreisoberliga, Herren 40, Gruppe 382: <\/p>\n\n\n\n<p>Ebersch\u00fctz\/Trendelburg &#8211; Grebenstein\/Udenhausen 4:2. <\/p>\n\n\n\n<p>Eine vermeidbare 2:4-Niederlage gab es f\u00fcr<br>Grebenstein\/Udenhausen bei Ebersch\u00fctz\/Trendelburg. Die Punkte holten dabei Timo Fischer<br>mit einem Dreisatzsieg nach verlorenem ersten Satz und Kai B\u00e4umner. Michael Wepler war<br>im zweiten Satz nicht weit von einem Satzgewinn entfernt. In den Doppeln verloren Timo<br>Fischer und Torsten Fahrensohn mit 4:6, 3:6. Pech hatten Kai und Franz Burghard, die im<br>Matchtiebreak des dritten Satzes mit 10:12 verloren.<\/p>\n\n\n\n<p><br>Grebenstein\/Udenhausen &#8211; SGT Baunatal II 2:4. <\/p>\n\n\n\n<p>Auch das zweite Spiel wurde<br>ersatzgeschw\u00e4cht mit 2:4 verloren. Den Einzelpunkt holte sich Kai B\u00e4umner mit einem 10:6<br>im Matchtiebreak. Stefan Nebenf\u00fchr verpasste nur knapp den Satzausgleich, als er nach<br>einigen knappen B\u00e4llen den Tiebeak verlor. In den Doppeln steigerte sich das erste Doppel<br>Michael Wepler und Stefan und gewannen noch mit 10:2 im Matchtiebreak, w\u00e4hrend das<br>zweite Doppel hoch verlor.<\/p>\n\n\n\n<p><br>Kreisoberliga Damen, Gruppe 026: <\/p>\n\n\n\n<p>Immenhausen\/Grebenstein &#8211; TC 31 Kassel II 6:0.<\/p>\n\n\n\n<p><br>Souver\u00e4n mit 6:0 gewann die MSG ihr Auftaktspiel gegen den TC 31 Kassel II. Louisa<br>Schindewolf, Malin Engelbrecht, Carina Speichert, Yvonne Meimbresse in den Einzel sowie<br>Malin und Carine und Louisa und Yvonne kamen zu jeweils siuver\u00e4nen Zweisatzsiegen.<br>Vellmar &#8211; Immenhausen\/Grebenstein 2:4. MitAuch das zweite Spiel konnte die<br>Spielgemeinschaft beim Nachbarn Vellmar knapp f\u00fcr sich entscheiden. Im Spitzeneinzel<br>siegte Louisa Schindewolf nach verlorenem ersten Satz noch mit 10:8 im Matchtiebreak,<br>w\u00e4hrend Malin Engelbrecht an zwei im Matchtiebreak verlor. Zu Zweisatzsiegen kamen<br>Carina Speichert und Paula Burghard. Mit einem klaren Zweisatzsieg machten Louisa und<br>Malin den Sieg perfekt.<\/p>\n\n\n\n<p><br>Kreisliga A, Damen: <\/p>\n\n\n\n<p>TC 31 Kassel III \u2013 Immenhausen\/Grebenstein II 0:6. <\/p>\n\n\n\n<p>Nach Punkte f\u00fcr Immenhausen\/Grebnstein II: Julia Zeuner, Nina Bachmann, Kira Kamanik, Jacqueline<br>Sch\u00e4fer, Kamenik\/Janika Rittner, Bachmann\/Nadin Linsel-Wiedemann.<\/p>\n","protected":false},"excerpt":{"rendered":"<p>Medenspiele SW Grebenstein Kreisliga B, Herren, Gruppe (264): TuS Meimbressen &#8211; SW Grebenstein 2:4. Weiter aufErfolgskurs befindet sich die Grebensteiner Herrenmannschaft, die nach dem 4:2-Erfolg beider TuS Meimbressen ihren ersten Platz vor der Ferienpause verteidigte. Lucas Worm, MarcelSzecsenyi und Marvin Schmidt sorgten mit Zweisatzsiegen f\u00fcr eine 3:1-F\u00fchrung nach denEinzeln. In den Doppeln verst\u00e4rkten sich die &hellip; <a href=\"https:\/\/tennis-grebenstein.de\/?page_id=255\" class=\"more-link\">Continue reading<span class=\"screen-reader-text\"> &#8222;Spielberichte 2025&#8220;<\/span><\/a><\/p>\n","protected":false},"author":1,"featured_media":0,"parent":0,"menu_order":0,"comment_status":"closed","ping_status":"closed","template":"","meta":{"footnotes":""},"class_list":["post-255","page","type-page","status-publish","hentry"],"_links":{"self":[{"href":"https:\/\/tennis-grebenstein.de\/index.php?rest_route=\/wp\/v2\/pages\/255","targetHints":{"allow":["GET"]}}],"collection":[{"href":"https:\/\/tennis-grebenstein.de\/index.php?rest_route=\/wp\/v2\/pages"}],"about":[{"href":"https:\/\/tennis-grebenstein.de\/index.php?rest_route=\/wp\/v2\/types\/page"}],"author":[{"embeddable":true,"href":"https:\/\/tennis-grebenstein.de\/index.php?rest_route=\/wp\/v2\/users\/1"}],"replies":[{"embeddable":true,"href":"https:\/\/tennis-grebenstein.de\/index.php?rest_route=%2Fwp%2Fv2%2Fcomments&post=255"}],"version-history":[{"count":6,"href":"https:\/\/tennis-grebenstein.de\/index.php?rest_route=\/wp\/v2\/pages\/255\/revisions"}],"predecessor-version":[{"id":328,"href":"https:\/\/tennis-grebenstein.de\/index.php?rest_route=\/wp\/v2\/pages\/255\/revisions\/328"}],"wp:attachment":[{"href":"https:\/\/tennis-grebenstein.de\/index.php?rest_route=%2Fwp%2Fv2%2Fmedia&parent=255"}],"curies":[{"name":"wp","href":"https:\/\/api.w.org\/{rel}","templated":true}]}}